 o**2 - 7*o - 2. What is z(q)?
-2
Let i(r) = -r - 4. Let s(f) = f**2 + 34*f - 115. Let k be s(-37). What is i(k)?
0
Let l(b) = b**2 - 5*b + 6. Let x = 1265 + -1270. Give l(x).
56
Let g(w) = -2*w - 9. Let q be g(-8). Suppose 0 = -5*v - q - 13. Let t(l) = -l**3 - 6*l**2 - 5*l - 5. Calculate t(v).
-17
Let z(k) = -2*k**2 - 20*k + 22. Let c(l) = -l**2 - 20*l + 20. Let p(w) = -4*c(w) + 3*z(w). What is p(9)?
4
Let i(x) = -2*x - 7 + 12 - 4 - x**2. Suppose -5*q + 20 = -5*s, 0 = -12*s + 9*s + 4*q - 12. Calculate i(s).
-7
Let p = 1 + 11. Let x be (-19)/(-5) - p/15. Let v(o) = -7*o - o**3 + 5*o**2 + 37 + o**3 + o**x - 44. Give v(-6).
-1
Let g(s) be the second derivative of -2*s**3/3 + s**2 + 182*s - 1. Calculate g(-5).
22
Suppose 16*l + 93 - 29 = 0. Let p(n) = -n**2 - n + 5. Calculate p(l).
-7
Let u(m) = 29*m**2 - 14*m - 34. Let t(k) = -35*k**2 + 13*k + 33. Let r(c) = -5*t(c) - 6*u(c). Calculate r(-16).
-9
Let q(i) be the second derivative of -i**5/20 - 5*i**4/6 - i**3/6 + 3*i. Let z be q(-10). Let u be 78/(-15) + 2/z. Let t(o) = -o**2 - 2*o - 1. Give t(u).
-16
Let t(b) = -b**2 - 3*b + 2. Suppose 8*x - 4*x - 108 = 0. Let n = x - 25. Suppose -5*j - 12 = -2*j + n*h, 2*j = -4*h - 16. Calculate t(j).
4
Let a(i) = -3*i**3 + 2*i**2 - i + 1. Let x = -224 + 226. Calculate a(x).
-17
Let i(b) = 8 + 15*b - b - 24*b + b**2. Determine i(8).
-8
Let l(g) = 4 + 7 - 246*g + 4 + 247*g. Calculate l(-6).
9
Let k(p) = 7*p**2 + 3*p - 32. Let l(v) = 3*v**2 - 16. Let s(r) = -4*k(r) + 9*l(r). Give s(-12).
-16
Let s(w) = 9*w + 57. Let y be s(-6). Let l(j) = -j**3 + 2*j**2 + 2*j - 6. Give l(y).
-9
Let z(r) = -2*r**2 - 6*r + 16*r + 4*r**2 - 11*r - 3. What is z(2)?
3
Suppose 0 = 4*u + u - 20. Suppose 3*r - 3*z = -5*z + 23, 2*r + 10 = 5*z. Let g(x) = 4 - 6*x + 6 - x**3 + r*x**2 - 6. Determine g(u).
-4
Let g be (20/14)/((20 - -2)/(-154)). Suppose -5*n = 3*j + 36, n + 0*j + 3 = -2*j. Let w = n - g. Let y(v) = v + 1. Give y(w).
2
Let c(l) = 3*l - 6 + 27 - 6*l**2 - 19. Calculate c(-1).
-7
Let r(a) = 7*a**3. Let f = -32 + -36. Let g = 69 + f. Calculate r(g).
7
Let w(m) be the first derivative of 15*m + 1/2*m**2 - 1/3*m**3 + 15 + 1/4*m**4. What is w(0)?
15
Let k(f) be the second derivative of 7*f**3/6 + f**2/2 + f. Let p be -4*((-3)/(-4) + -2). Suppose 4*v = -p*b - 1, 4*v = -3*b + v. What is k(b)?
-6
Let v(q) = 2*q - 4. Let d = 53 + -50. What is v(d)?
2
Let c = 9 - 13. Suppose d + 7 = 8*d. Let x(y) = -3*y + d + 4*y + 1 - 3. Determine x(c).
-5
Let k(r) = -84*r**2 + 3 - 79*r**2 - r**3 - 9*r + 169*r**2. Determine k(6).
-51
Let a(q) = 184*q**2 - 3*q - 180*q**2 + 0*q - q**3 - 7. Determine a(4).
-19
Suppose m + 4 = 2*c - 0, -2*c = -3*m + 4. Let a(g) = -8 - 2 - 5*g - c + 13. Calculate a(-1).
4
Let l(f) be the first derivative of -f**2/2 - 15*f - 151. Calculate l(-21).
6
Let v(s) = -5*s**2 + 6*s. Let l(w) = -4*w**2 + 6*w - 1. Suppose -7*o - 82 = 205. Let p = o - -37. Let y(a) = p*l(a) + 3*v(a). Calculate y(5).
-1
Let i = -254 - -256. Let u(r) be the first derivative of -i - 3*r**2 + 1/3*r**3 + 6*r. Give u(6).
6
Let w be ((-45)/(-12) + -2)*-4. Let m(j) be the second derivative of j**4/12 + 7*j**3/6 - 3*j**2/2 + 8*j. Calculate m(w).
-3
Let p(h) = -h**2 + 7*h - 7. Let c(y) = 5*y + 18. Let j be c(-4). Let l be j*(-4 + 2) + 1. Determine p(l).
3
Let w(q) = 10*q**3 + q + 1. Let b(h) = h**3 + 7*h**2 - h + 1. Let z be b(-7). Suppose -4*i = 4*f - z, 0 = -3*f + 2*i - 4 - 5. Calculate w(f).
-10
Let c be (2 - 17)*(0 + 3/(-15)). Let l(p) = 3*p - 3. Calculate l(c).
6
Let b(l) be the first derivative of -3*l**2/2 + 16*l - 55. Calculate b(-7).
37
Let d be 14/4*240/21. Suppose d = g - 11*g. Let h(b) = b**3 + 4*b**2 - 2*b + 2. Calculate h(g).
10
Let y(d) = -18*d**2 + 2*d + 1. Let h(b) = 8*b**2 - 1. Let l(t) = 5*h(t) + 2*y(t). What is l(2)?
21
Let c(d) = 8*d + 1. Let j(y) = -y + 10. Let s = 54 - 1. Suppose 4*f = p - 1, -7*f + 3*f = 5*p - s. Let u be j(p). What is c(u)?
9
Suppose 0*t = -t, -2*o - 4*t = -2. Let c = -61 + 63. Let k(u) = -6843*u**2 - 3*u**3 - u + 6843*u**c. What is k(o)?
-4
Let c(b) = b**2 + 9*b - 1. Suppose p = 25*n - 24*n + 10, 5*p + 50 = -5*n. Determine c(n).
9
Let y(z) = -z**3 - 12*z**2 + 12*z - 3. Let l(g) = g**2 + 5*g - 79. Let d be l(-11). Determine y(d).
10
Let c(n) = 811 - 1611 - n**2 + 812. Suppose -4*l + 7*l = 0. Calculate c(l).
12
Let u(j) be the third derivative of -j**5/60 - 7*j**4/24 - 7*j**3/6 + j**2. Suppose 5*o + 272 = -29*o. Give u(o).
-15
Suppose 0 = w - 3*r, -3*w - 1 = -2*r - 8. Let y(d) be the first derivative of 4*d + 1/2*d**2 + 3. Calculate y(w).
7
Suppose -2*y + 2 = -4. Let z(q) = -2*q + 9 - 1 - y. Determine z(4).
-3
Let z(l) = -20 - 11*l**3 + l**2 + 5*l**3 + 20. Calculate z(-1).
7
Suppose -66*k - 260 = -40*k. Let r(d) = -d**2 - 11*d. Calculate r(k).
10
Suppose -13*s + 6 = -11*s. Suppose -s*n + 25 = 10. Let d(g) = -g**3 + 5*g**2 + 7. What is d(n)?
7
Let j be 35/2*(-20)/25. Let w(n) = n**3 + 15*n**2 + 15*n - 13. Calculate w(j).
-27
Suppose -37*o + 36*o = 1. Let d(g) = 34*g - 1. Determine d(o).
-35
Let n be (-1)/2 + (-572)/(-88). Let r(v) = -1 - v + 2 + 2. Determine r(n).
-3
Let h(a) be the second derivative of -a**4/12 - 3*a**3/2 + a**2 + 3*a. Let q be h(-9). Let v(i) = 4*i**2 - 14*i**q + i + 2 - 1. Calculate v(-1).
-10
Let v(w) be the second derivative of -w**4/12 - 7*w**3/6 + 3*w**2/2 + 463*w - 1. Determine v(-4).
15
Suppose 0 = c + d - 4, 0*c + 23 = 4*c - 3*d. Let a(q) = 3*q + 7 + 3*q + c*q**2 - 6*q**2. Give a(5).
12
Let k(x) = -x**3 - 8*x**2 + 18*x + 8. Let g(a) = -3*a**3 - 24*a**2 + 55*a + 23. Let r(t) = -4*g(t) + 11*k(t). Calculate r(-10).
16
Let t(z) = 6*z - 19. Let j be t(5). Let k(d) = -d**3 + 11*d**2 + 2*d - 17. Let u be k(j). Let h(m) = -m**2 + 6*m + 2. Determine h(u).
7
Let p(l) = l**3 - 3*l**2 + 2*l - 1. Let x be p(3). Let t(f) = -f**2 + 4*f + 1. Give t(x).
-4
Let o(z) be the third derivative of z**6/120 - z**5/60 - z**4/24 - 53*z**3/6 - 42*z**2 - z. Give o(0).
-53
Let l(w) be the second derivative of -w**4/12 + w**3 - w**2/2 - w - 7. Let r(f) = f + 6. Let h be r(0). Calculate l(h).
-1
Let y(d) = 3*d - 6 + d**2 + 3*d - 12*d + 1. Let b be 0/(-3 - 0) - -3. Suppose -b*v + 9 = -9. Give y(v).
-5
Let o(f) = -17*f - 2 - 10*f + 31*f. Give o(-4).
-18
Let z(y) = -y**2 - 7*y + 3. Let v be z(-6). Suppose -v = -5*i + 2*i. Let b(h) = -h. Calculate b(i).
-3
Let t(j) = -3*j**2 - 3*j - 2. Let c(n) = -8*n**2 - 8*n - 5. Let r(o) = -4*c(o) + 11*t(o). Suppose 0 = -4*v - v + 2*u + 6, 0 = -5*v + 3*u + 4. Determine r(v).
-8
Suppose 11*l - 11 = 88. Let m(b) = b**3 - 9*b**2 - b + 2. Determine m(l).
-7
Let q(r) = r**2 - r + 5. Let i be q(0). Let k be 2/8 + 56/32. Let h(y) = 2 - 3*y - 86*y**2 - y + 87*y**k. Determine h(i).
7
Let p = 1 - 0. Let r be -6*(1 - 0)/p. Let v(m) = -4*m**2 + 119*m - 242*m + 130*m - m**2 + 2 - m**3. Determine v(r).
-4
Let i(j) = -j**2 + j + 4. Suppose -o - 4*w + 20 = -2*o, 0 = -2*o + 5*w - 28. Let h be (o - -2 - -2)/1. What is i(h)?
4
Let j(u) be the third derivative of u**8/20160 - u**7/5040 + u**6/180 + 19*u**5/60 + 32*u**2. Let g(s) be the third derivative of j(s). Give g(0).
4
Let n be ((-48)/(-8))/(-30) + 54/(-5). Let a(s) = -s**2 - 12*s - 9. Calculate a(n).
2
Let l(z) = -9*z + 425. Let d be l(48). Let b(a) = 2*a - 13. Calculate b(d).
-27
Let s(y) = -31*y + 17. Let z(g) = -11*g + 6. Let h(t) = 4*s(t) - 11*z(t). Let d be ((-3)/(-6))/(3/24). Determine h(d).
-10
Let s(o) = 3*o - 1. Let p(t) = -19*t + 28. Let h(m) = -p(m) - 6*s(m). What is h(10)?
-12
Let q(a) = -4 - 5*a**3 + 0*a**2 - 347*a + 6*a**3 - 6*a**2 + a**2 + 351*a. Calculate q(4).
-4
Let g be (0 + 1)/(1/(-3)). Let d(o) = -3 - 2 - 6*o - 3 + 4 - o**2. Calculate d(g).
5
Let m(x) = 3*x**2 + 3. Let b be m(0). Let r(a) = 4970*a - b + 2 - 4971*a. Determine r(0).
-1
Let p(m) = m. Let q(d) = -d**3 - 4*d**2 - 10*d - 2. Let s be q(-4). Suppose 16*v - s - 42 = 0. Give p(v).
5
Let c = -21 - -31. Let n(u) = -u**3 + 11*u**2 - 9*u - 2. What is n(c)?
8
Let j(p) be the first derivative of p**2/2 + 5*p - 7. Let f(d) = -d**2 + 8*d + 3. Let v be f(9). What is j(v)?
-1
Suppose 0 = 2*h + d - 8, -4*h + 2*d + 32 = -0. Let f(q) = 3*q - 1 + 5*q - q - h*q. Determine f(-5).
-6
Suppose -12*g = 2*g - 11*g + 9. Let q(f) = 7*f**3 - 10*f**2 + 7*f + 17. Let o(y) = 3*y**3 - 5*y**2 + 3*y + 8. Let j(v) = -9*o(v) + 4*q(v). Determine j(g).
11
Suppo